 20?
True
Is 1614 a factor of 2422614?
True
Is 2422 a multiple of 8?
False
Is 123 a factor of 1912650?
True
Does 25 divide 35322?
False
Is 3818 a multiple of 2?
True
Is 6 a factor of 94011?
False
Is 4436 a multiple of 15?
False
Does 2 divide 296007?
False
Is 3 a factor of 2432868?
True
Is 1278996 a multiple of 6?
True
Does 95 divide 135850?
True
Is 1844227 a multiple of 19?
False
Is 118414 a multiple of 9?
False
Is 174570 a multiple of 138?
True
Does 55 divide 278190?
True
Is 14 a factor of 11007668?
True
Is 289130 a multiple of 145?
True
Is 215 a factor of 8989150?
True
Does 2576 divide 16867754?
False
Is 161490 a multiple of 221?
False
Is 314041 a multiple of 91?
True
Is 284 a factor of 2561112?
True
Is 4901316 a multiple of 74?
True
Does 106 divide 58302?
False
Is 153 a factor of 73134?
True
Is 330 a factor of 1518330?
True
Is 327 a factor of 1492482?
False
Is 167656 even?
True
Does 15 divide 999978?
False
Is 35 a factor of 41020?
True
Is 4 a factor of 4816233?
False
Is 74 a factor of 1269174?
True
Does 466 divide 3274582?
True
Is 1146276 a multiple of 386?
False
Is 492174 a multiple of 46?
False
Is 72 a factor of 23976?
True
Does 14 divide 37735?
False
Does 27 divide 493614?
True
Does 10 divide 524132?
False
Does 901 divide 4307427?
False
Is 67 a factor of 364748?
True
Is 32355 a multiple of 9?
True
Does 674 divide 658498?
True
Is 392110 a multiple of 266?
False
Is 8 a factor of 384798?
False
Is 16 a factor of 64064?
True
Is 10 a factor of 1299143?
False
Is 2 a factor of 305981?
False
Does 19 divide 2091501?
True
Is 23 a factor of 2830748?
True
Does 95 divide 99085?
True
Is 11 a factor of 2120118?
True
Does 876 divide 901404?
True
Is 81 a factor of 2502171?
True
Is 1446006 a multiple of 269?
False
Is 160 a factor of 6097120?
True
Does 488 divide 2492232?
False
Is 724 a factor of 938112?
False
Is 774788 a multiple of 469?
True
Is 812536 a multiple of 376?
True
Does 15 divide 14309615?
False
Is 426766 a multiple of 390?
False
Does 7 divide 2513196?
True
Does 16 divide 428055?
False
Is 9 a factor of 253220?
False
Is 27 a factor of 4805237?
False
Does 302 divide 285912?
False
Is 784019 a multiple of 74?
False
Is 24 a factor of 20143067?
False
Is 447 a factor of 381897?
False
Does 157 divide 110014?
False
Is 12641467 a multiple of 1253?
False
Is 32659605 a multiple of 297?
True
Does 11 divide 17747541?
False
Is 7430448 a multiple of 1094?
True
Is 29 a factor of 12731?
True
Is 125 a factor of 131273?
False
Is 31 a factor of 5374838?
False
Is 20 a factor of 40160?
True
Does 20 divide 9526580?
True
Is 212 a factor of 11138016?
False
Is 857934 a multiple of 231?
True
Does 488 divide 1432768?
True
Does 64 divide 25856?
True
Does 12 divide 176754?
False
Is 196275 a multiple of 15?
True
Is 1784064 a multiple of 368?
True
Is 55 a factor of 716163?
False
Is 13860 a multiple of 45?
True
Is 138002 a multiple of 57?
False
Does 259 divide 1061875?
False
Is 4483512 a multiple of 1496?
True
Does 12 divide 2177075?
False
Is 17 a factor of 5730989?
True
Does 5 divide 3830218?
False
Does 510 divide 2123080?
False
Is 54 a factor of 10647277?
False
Does 15 divide 233480?
False
Is 1157928 a multiple of 12?
True
Is 303 a factor of 1201863?
False
Is 594638 a multiple of 11?
True
Does 161 divide 386883?
True
Is 10944 a multiple of 152?
True
Does 48 divide 35389?
False
Is 21 a factor of 18686495?
False
Is 698306 a multiple of 89?
False
Is 13 a factor of 6013462?
True
Is 21282231 a multiple of 79?
False
Does 97 divide 58394?
True
Does 4 divide 1567806?
False
Does 18 divide 393646?
False
Is 11 a factor of 1840399?
True
Does 71 divide 22507?
True
Is 14 a factor of 2828812?
True
Is 51584 a multiple of 52?
True
Is 438104 a multiple of 30?
False
Is 898716 a multiple of 42?
True
Is 29 a factor of 12383820?
False
Does 12 divide 1058336?
False
Does 3 divide 131154?
True
Does 3 divide 10737?
True
Does 7 divide 7513905?
True
Is 16 a factor of 295936?
True
Is 79834 a multiple of 142?
False
Is 94968 a multiple of 9?
True
Is 2438803 a multiple of 17?
True
Does 3 divide 114723?
True
Is 14949741 a multiple of 20?
False
Is 47390 a multiple of 70?
True
Does 46 divide 1855272?
True
Does 8 divide 3022?
False
Does 15 divide 4638265?
False
Is 10 a factor of 15166?
False
Is 4316708 a multiple of 29?
True
Is 75368 a multiple of 54?
False
Does 20 divide 11802?
False
Is 62 a factor of 197670?
False
Does 39 divide 1708767?
False
Is 54723 a multiple of 104?
False
Is 54 a factor of 8333226?
True
Does 31 divide 457616?
False
Is 363 a factor of 105633?
True
Is 63 a factor of 223146?
True
Is 51 a factor of 1056516?
True
Is 15 a factor of 153077?
False
Does 7 divide 35114?
False
Is 9363868 a multiple of 744?
False
Is 830 a factor of 6424200?
True
Is 256560 a multiple of 6?
True
Is 1104149 a multiple of 83?
True
Does 159 divide 425355?
False
Is 5 a factor of 44605?
True
Is 6187981 a multiple of 15?
False
Is 171260 a multiple of 2?
True
Is 1538446 a multiple of 214?
True
Does 192 divide 21263?
False
Is 472 a factor of 5639456?
True
Is 880 a factor of 1744160?
True
Is 49167 a multiple of 3?
True
Is 125400 a multiple of 418?
True
Is 334 a factor of 1149469?
False
Does 38 divide 48906?
True
Is 604800 a multiple of 84?
True
Is 38167 a multiple of 6?
False
Is 247400 a multiple of 20?
True
Does 70 divide 1591800?
True
Is 91 a factor of 90909?
True
Does 121 divide 2077812?
True
Does 142 divide 626646?
True
Is 10450822 a multiple of 1135?
False
Is 2023800 a multiple of 300?
True
Does 14 divide 150997?
False
Is 805783 a multiple of 39?
False
Does 332 divide 1883768?
True
Does 7 divide 116421?
False
Does 98 divide 4690931?
False
Is 785724 a multiple of 82?
True
Does 392 divide 905356?
False
Is 9 a factor of 1305633?
False
Is 402408 a multiple of 92?
True
Is 322372 a multiple of 4?
True
Does 287 divide 9735327?
True
Is 128 a factor of 91264?
True
Is 19 a factor of 25816?
False
Does 341 divide 31422127?
True
Does 8 divide 2908614?
False
Is 6 a factor of 1252326?
True
Is 39 a factor of 2586714?
True
Is 77 a factor of 1145837?
True
Does 163 divide 5053?
True
Is 22 a factor of 3165074?
True
Does 65 divide 170111?
False
Does 13 divide 6645886?
True
Is 472108 a multiple of 14?
True
Is 406 a factor of 215992?
True
Is 101 a factor of 110595?
True
Is 360828 a multiple of 156?
True
Is 10 a factor of 16415168?
False
Does 473 divide 422389?
True
Is 35 a factor of 1884644?
False
Does 153 divide 570384?
True
Does 25 divide 327000?
True
Is 59 a factor of 41360?
False
Does 260 divide 137735?
False
Is 201460 a multiple of 140?
True
Does 402 divide 1694832?
True
Does 102 divide 7538310?
True
Does 1071 divide 467368?
False
Does 56 divide 5172006?
False
Is 159 a factor of 249644?
False
Is 24 a factor of 42096?
True
Does 11 divide 38307?
False
Is 13 a factor of 592046?
True
Does 20 divide 316729?
False
Is 1678 a factor of 11091596?
False
Does 327 divide 6164200?
False
Is 113669 a multiple of 64?
False
Is 3 a factor of 587004?
True
Is 12973571 a multiple of 962?
False
Is 107 a factor of 2450448?
False
Is 24 a factor of 526164?
False
Is 39 a factor of 43992?
True
Is 1025849 a multiple of 49?
False
Is 5837511 a multiple of 362?
False
Does 605 divide 528165?
True
Does 24 divide 591179?
False
Is 2990032 a multiple of 16?
True
Is 1006650 a multiple of 360?
False
Is 962431 a multiple of 245?
False
Is 1467151 a multiple of 7?
True
Does 260 divide 151320?
True
Is 24 a factor of 602761?
False
Is 302404 a multiple of 40?
False
Does 32 divide 15638?
False
Is 8356 a multiple of 467?
False
Is 36 a factor of 2731032?
True
Does 8 divide 632804?
False
Is 8092 a multiple of 68?
True
Is 12250165 a multiple of 10?
False
Is 343 a factor of 425663?
True
Does 161 divide 2935191?
True
Is 148 a factor of 88988?
False
Does 261 divide 2056228?
False
Is 63 a factor of 82341?
True
Is 16 a factor of 2294120?
False
Is 275 a factor of 129259?
False
Is 198224 a multiple of 208?
True
Is 2642904 a multiple of 188?
True
Is 108 a factor of 1310026?
False
Is 284742 a multiple of 6?
True
Is 695 a factor of 880300?
False
Is 16 a factor of 5225626?
False
Does 69 divide 1933450?
False
Is 2696512 a multiple of 26?
True
Is 70 a factor of 4051?
False
Is 557931 a multiple of 33?
True
Is 3815400 a multiple of 56?
False
Does 1250 divide 1619275?
False
Does 50 divide 4353450?
T